n 5436720 is divided by 1648?
1616
What is the remainder when 33585 is divided by 92?
5
What is the remainder when 3853054 is divided by 47?
41
Calculate the remainder when 421438712 is divided by 685.
682
What is the remainder when 2514157 is divided by 628049?
1961
Calculate the remainder when 1223687 is divided by 2304.
263
Calculate the remainder when 522371 is divided by 368.
179
Calculate the remainder when 1547157 is divided by 4003.
1999
Calculate the remainder when 6706190 is divided by 6549.
14
Calculate the remainder when 19655722 is divided by 121.
119
What is the remainder when 405220 is divided by 134909?
493
Calculate the remainder when 4682997 is divided by 180114.
33
Calculate the remainder when 20844 is divided by 749.
621
Calculate the remainder when 8478127 is divided by 17962.
63
Calculate the remainder when 8597123 is divided by 24.
11
Calculate the remainder when 5239437 is divided by 92.
37
What is the remainder when 5338447 is divided by 1832?
1831
What is the remainder when 2014998 is divided by 15265?
18
What is the remainder when 92541100 is divided by 23135274?
4
Calculate the remainder when 843056 is divided by 283.
282
What is the remainder when 3240945 is divided by 227?
66
Calculate the remainder when 654954 is divided by 476.
454
Calculate the remainder when 15989697 is divided by 137842.
25
What is the remainder when 315087 is divided by 103984?
3135
What is the remainder when 492221 is divided by 490457?
1764
Calculate the remainder when 2138749 is divided by 38.
33
What is the remainder when 43269 is divided by 6180?
9
What is the remainder when 2632280 is divided by 908?
896
What is the remainder when 15090320 is divided by 629?
610
Calculate the remainder when 120466460 is divided by 87.
83
Calculate the remainder when 4108574 is divided by 141674.
28
Calculate the remainder when 58231898 is divided by 32.
26
Calculate the remainder when 331503 is divided by 586.
413
Calculate the remainder when 1154348 is divided by 384778.
14
Calculate the remainder when 17712442 is divided by 53.
1
What is the remainder when 21415 is divided by 640?
295
Calculate the remainder when 3428761 is divided by 3823.
3353
Calculate the remainder when 1277909 is divided by 436.
429
Calculate the remainder when 13286 is divided by 1849.
343
What is the remainder when 356901510 is divided by 22?
20
Calculate the remainder when 179236 is divided by 720.
676
What is the remainder when 3703015 is divided by 462875?
15
What is the remainder when 173215503 is divided by 4831?
4829
Calculate the remainder when 109821897 is divided by 15.
12
What is the remainder when 862918 is divided by 431130?
658
What is the remainder when 39202 is divided by 37372?
1830
Calculate the remainder when 2253255 is divided by 189.
186
What is the remainder when 554618525 is divided by 4688?
4685
Calculate the remainder when 339354 is divided by 273.
15
Calculate the remainder when 20432409 is divided by 972.
969
Calculate the remainder when 38544 is divided by 3681.
1734
Calculate the remainder when 51968 is divided by 16711.
1835
What is the remainder when 409639 is divided by 12413?
10
What is the remainder when 260982 is divided by 32565?
462
What is the remainder when 3928545 is divided by 46768?
33
Calculate the remainder when 60997 is divided by 12192.
37
What is the remainder when 1542559 is divided by 2292?
43
Calculate the remainder when 25972108 is divided by 117.
97
Calculate the remainder when 554161 is divided by 1606.
91
Calculate the remainder when 5274515 is divided by 959.
15
Calculate the remainder when 10560181 is divided by 702.
697
Calculate the remainder when 5048903 is divided by 581.
13
What is the remainder when 1698183 is divided by 127?
66
What is the remainder when 33855 is divided by 7888?
2303
Calculate the remainder when 9804015 is divided by 9061.
13
What is the remainder when 516527 is divided by 57379?
116
What is the remainder when 6519 is divided by 3243?
33
What is the remainder when 115807 is divided by 456?
439
Calculate the remainder when 4579548 is divided by 692.
584
Calculate the remainder when 1610376 is divided by 36.
24
Calculate the remainder when 86674 is divided by 2279.
72
What is the remainder when 247633290 is divided by 823?
820
Calculate the remainder when 34109213 is divided by 6841.
6828
What is the remainder when 3692313 is divided by 738432?
153
What is the remainder when 25740874 is divided by 33214?
24
What is the remainder when 43222239 is divided by 27?
18
What is the remainder when 26959463 is divided by 2086?
2085
Calculate the remainder when 67894269 is divided by 323.
315
Calculate the remainder when 27645 is divided by 4263.
2067
What is the remainder when 7103891 is divided by 102?
101
What is the remainder when 109833 is divided by 994?
493
What is the remainder when 321186842 is divided by 1138?
1136
Calculate the remainder when 300793 is divided by 33385.
328
Calculate the remainder when 7079583 is divided by 1415914.
13
What is the remainder when 1174109 is divided by 518?
321
Calculate the remainder when 272751 is divided by 7790.
101
Calculate the remainder when 2962333 is divided by 1481120.
93
What is the remainder when 13522746 is divided by 89?
86
What is the remainder when 998458 is divided by 1832?
18
Calculate the remainder when 473454 is divided by 262.
20
Calculate the remainder when 920876 is divided by 13346.
2
Calculate the remainder when 43160672 is divided by 432.
416
What is the remainder when 470738344 is divided by 117684585?
4
Calculate the remainder when 5381303 is divided by 597918.
41
What is the remainder when 2463 is divided by 77?
76
What is the remainder when 3031305 is divided by 513?
501
Calculate the remainder when 26271013 is divided by 55075.
238
Calculate the remainder when 3976483 is divided by 172890.
13
Calculate the remainder when 588781 is divided by 6220.
4101
What is the remainder when 412572999 is divided by 50?
49
What is the remainder when 13143735 is divided by 404?
403
What is the remainder when 21873278 is divided by 880?
878
What is the remainder when 444825 is divided by 12?
9
What is the remainder when 13601578 is divided by 7457?
10
Calculate the remainder when 526842 is divided by 1834.
484
Calculate the remainder when 1079572 is divided by 1072.
68
What is the remainder when 1623034879 is divided by 32?
31
Calculate the remainder when 403662 is divided by 1182.
600
Calculate the remainder when 61149277 is divided by 1798508.
5
Calculate the remainder when 139117 is divided by 3645.
607
Calculate the remainder when 636838 is divided by 32.
6
What is the remainder when 3588 is divided by 3480?
108
Calculate the remainder when 1836111 is divided by 2096.
15
Calculate the remainder when 430668 is divided by 215320.
28
Calculate the remainder when 2490998 is divided by 30378.
2
Calculate the remainder when 1782666 is divided by 438.
6
Calculate the remainder when 1412810 is divided by 631.
1
Calculate the remainder when 25552645 is divided by 3058.
3055
What is the remainder when 5887679 is divided by 21?
14
What is the remainder when 19355 is divided by 18516?
839
Calculate the remainder when 11214716 is divided by 1947.
1943
What is the remainder when 13223705 is divided by 125?
80
What is the remainder when 11896682 is divided by 915126?
44
Calculate the remainder when 117918705 is divided by 9070669.
8
What is the remainder when 41806 is divided by 9755?
2786
Calculate the remainder when 490683 is divided by 290.
3
What is the remainder when 10384932 is divided by 40096?
68
What is the remainder when 5097794 is divided by 2872?
2866
What is the remainder when 45160 is divided by 11280?
40
Calculate the remainder when 12314866 is divided by 14766.
22
Calculate the remainder when 32620704 is divided by 941.
939
What is the remainder when 33730765 is divided by 8?
5
What is the remainder when 21436 is divided by 883?
244
What is the remainder when 431962 is divided by 233?
213
Calculate the remainder when 579808 is divided by 1303.
1276
What is the remainder when 18578489 is divided by 350537?
28
What is the remainder when 138999563 is divided by 37?
35
Calculate the remainder when 29982993 is divided by 1763704.
25
Calculate the r